{"id":13,"date":"2020-08-30T11:33:52","date_gmt":"2020-08-30T08:33:52","guid":{"rendered":"http:\/\/vallema.fi\/?page_id=13"},"modified":"2022-12-20T18:18:46","modified_gmt":"2022-12-20T15:18:46","slug":"itsestani","status":"publish","type":"page","link":"https:\/\/vallema.fi\/index.php\/itsestani\/","title":{"rendered":"Itsest\u00e4ni"},"content":{"rendered":"\t\t<div data-elementor-type=\"wp-page\" data-elementor-id=\"13\" class=\"elementor elementor-13\">\n\t\t\t\t\t\t<section class=\"elementor-section elementor-top-section elementor-element elementor-element-30821a0 elementor-section-boxed elementor-section-height-default elementor-section-height-default\" data-id=\"30821a0\" data-element_type=\"section\" data-e-type=\"section\">\n\t\t\t\t\t\t<div class=\"elementor-container elementor-column-gap-default\">\n\t\t\t\t\t<div class=\"elementor-column elementor-col-100 elementor-top-column elementor-element elementor-element-bf0364a\" data-id=\"bf0364a\" data-element_type=\"column\" data-e-type=\"column\">\n\t\t\t<div class=\"elementor-widget-wrap elementor-element-populated\">\n\t\t\t\t\t\t<div class=\"elementor-element elementor-element-8bbd3ab elementor-widget elementor-widget-image\" data-id=\"8bbd3ab\" data-element_type=\"widget\" data-e-type=\"widget\" data-widget_type=\"image.default\">\n\t\t\t\t<div class=\"elementor-widget-container\">\n\t\t\t\t\t\t\t\t\t\t\t\t\t\t\t<img fetchpriority=\"high\" decoding=\"async\" width=\"264\" height=\"250\" src=\"https:\/\/vallema.fi\/wp-content\/uploads\/2021\/06\/itsestani_pieni.jpg\" class=\"attachment-large size-large wp-image-92\" alt=\"\" \/>\t\t\t\t\t\t\t\t\t\t\t\t\t\t\t<\/div>\n\t\t\t\t<\/div>\n\t\t\t\t\t<\/div>\n\t\t<\/div>\n\t\t\t\t\t<\/div>\n\t\t<\/section>\n\t\t\t\t<section class=\"elementor-section elementor-top-section elementor-element elementor-element-208a57d8 elementor-section-boxed elementor-section-height-default elementor-section-height-default\" data-id=\"208a57d8\" data-element_type=\"section\" data-e-type=\"section\">\n\t\t\t\t\t\t<div class=\"elementor-container elementor-column-gap-default\">\n\t\t\t\t\t<div class=\"elementor-column elementor-col-100 elementor-top-column elementor-element elementor-element-64a1afd\" data-id=\"64a1afd\" data-element_type=\"column\" data-e-type=\"column\">\n\t\t\t<div class=\"elementor-widget-wrap elementor-element-populated\">\n\t\t\t\t\t\t<div class=\"elementor-element elementor-element-4ab8c034 elementor-widget elementor-widget-text-editor\" data-id=\"4ab8c034\" data-element_type=\"widget\" data-e-type=\"widget\" data-widget_type=\"text-editor.default\">\n\t\t\t\t<div class=\"elementor-widget-container\">\n\t\t\t\t\t\t\t\t\t\n<p>Miia Vallema<\/p>\n\n<p>Olen valmistunut fysioterapeutiksi Helsingiss\u00e4 vuonna 1997. Ty\u00f6skentelen itsen\u00e4isen\u00e4 ammatinharjoittajana Kotkassa, toimipaikkana Appelmedi. Ratsastusterapeutiksi valmistuin Yp\u00e4j\u00e4lt\u00e4 vuonna 2004, jonka j\u00e4lkeen olen toiminut fysioterapiat\u00f6iden lis\u00e4ksi Kelan hyv\u00e4ksym\u00e4n\u00e4 ratsastusterapeuttina.<\/p>\n\n<p>Vuonna 2009 erikoistuin NDT, Bobath terapeutiksi Helsingiss\u00e4. Fysioterapia- ja ratsastusterapiaty\u00f6ni lis\u00e4ksi ty\u00f6skentelen el\u00e4infysioterapian parissa, jossa olen keskittynt l\u00e4hinn\u00e4 kisahevosten fysioterapiaan niin koulu- ja esteratsujen sek\u00e4 valjakkohevosten osalta. S\u00e4\u00e4nn\u00f6llisesti vastaan hevosten fysioterapiasta my\u00f6s pidemmill\u00e4 kisamatkoilla.<\/p>\n\n<p>Hevoset ovat minulle ty\u00f6ni lis\u00e4ksi my\u00f6s rakas harrastus. Ratsastan itse s\u00e4\u00e4nn\u00f6llisesti pyrkien valmennusten kautta koko ajan kehitt\u00e4m\u00e4\u00e4n omaa ratsastustaitoani eteenp\u00e4n. Lis\u00e4ksi harrastuksiini kuuluu partio ja pianonsoitto.<\/p>\n\n<p>Muita koulutuksia:<\/p>\n\n<p>\u2022 Jyv\u00e4skyl\u00e4n yliopisto: Kasvatustieteiden approbatur 1993<br \/>\u2022 Suomen invalidien urheiluliitto ry: Vammaisliikunnan peruskurssi 1995<br \/>\u2022 Suomen invalidien urheiluliitto ry: Naisten py\u00f6r\u00e4tuoliliikuntakurssi 1995<br \/>\u2022 Fysiokimppa-kurssi 1997<br \/>\u2022 Suomen El\u00e4interapia ry: El\u00e4inhomeopatiakurssi hevosten hoidossa 1996<br \/>\u2022 Yp\u00e4j\u00e4n Hevosopisto: Hevosenhierontakurssi 1996<br \/>\u2022 Helsingin ammattikorkeakoulu: El\u00e4infysioterapia \/ koiran hieronta 1997<br \/>\u2022 Suomen Hippos ry: Ravihevosvalmennuksen peruskurssi c-taso 1998<br \/>\u2022 Suomen Ratsastajainliitto ry: Vammaisratsastuksen peruskurssi 1998<br \/>\u2022 Helsingin ammattikorkeakoulu: El\u00e4infysioterapia \/ koira potilaana 1998<br \/>\u2022 Suomalainen Ryhtiliike ry: Keppijumppaohjaaja 1999<br \/>\u2022 Helsingin ammattikorkeakoulu: El\u00e4infysioterapia \/ Hevosen lihashuolto 1999<br \/>\u2022 Suomen Ratsastajainliitto ry: Vammaisratsastuksen ohjaajakurssi 1998-1999<br \/>\u2022 Suomen kehitysvammaisten Liikunta ja urheilu ry: Lasten motoristen ja sosiaalisten taitojen kehitt\u00e4minen Veronika Sherbornen menetelm\u00e4ll\u00e4 -peruskurssi 2000<br \/>\u2022 Suomen Kuntourheiluliitto, Suomen Osteoporoosiyhdistys: ILONA &#8211; Liikkuen luusto lujaksi 2000<br \/>\u2022 Lahden ammattikorkeakoulu: Inkontinenssipotilaan hoito ja kuntoutus 2001<br \/>\u2022 Suomen ortopedisen manuaalisen terapian yhdistys ry: Peruskurssi (C1\/C2) 2001<br \/>\u2022 Suomen ortopedisen manuaalisen terapian yhdistys ry: Maitlandin perusteet 2001<br \/>\u2022 Lahden ammattikorkeakoulu: Yl\u00e4raajan neuraalikudoksen toiminnan toiminnan arviointi ja mobilisointi 2001<br \/>\u2022 Lahden ammattikorkeakoulu :Sel\u00e4n fysioterapeuttisen tutkimisen luotettavuus 2001<br \/>\u2022 Lahden ammattikorkeakoulu: Patellofemoraalinivelen kiputilojen fysioterapia 2001<br \/>\u2022 Suomen ortopedisen manuaalisen terapian yhdistys ry: Neuraalikudoksen mobilisointi I 2001<br \/>\u2022 Suomen ortopedisen manuaalisen terapian yhdistys ry: Neuraalikudoksen mobilisointi II 2001<br \/>\u2022 Yp\u00e4j\u00e4n Hevosopisto: Susanne von Dieze-Pollak Ratsastusterapia 2002<br \/>\u2022 Suomen ortopedisen manuaalisen terapian yhdistys ry: C2\/C3 2006<br \/>\u2022 Helsingin yliopisto: Aistih\u00e4iri\u00f6iden ja motoriikan huomioiminen kasvatuksessa 2007<br \/>\u2022 Ruskeasuon koulu: AACi-kommunikointikansiokoulutus 2010<br \/>\u2022 Suomen NDT-yhdistys ry: NDT, Bobath- syvent\u00e4v\u00e4 kurssi 2010<br \/>\u2022 Toiminnallisesta n\u00e4\u00f6st\u00e4 ja aivoper\u00e4isten n\u00e4k\u00f6vammaisten lasten kuntoutuksesta (N\u00e4\u00e4kk\u00f6 N\u00e4\u00e4) 2011<br \/>\u2022 Kinesioteippauksen peruskurssi 2012<br \/>\u2022 Neurologisen Kinesioteippauksen kurssi 2012<\/p>\n\n<p>Ratsastusterapia on ratsastusterapeutin ja hevosen yhdess\u00e4 totuttamaa yksil\u00f6llist\u00e4, suunnitelmallista ja tavoitteellista kuntoutusta.<\/p>\n\n<p>Ratsastusterapeutilla on v\u00e4hint\u00e4\u00e4n opistoasteen \/ toisen asteen ammatillinen koulutus opetus-, sosiaali- tai terveydenhuollon alalta, vankka hevoskokemus ja ratsastustaito sek\u00e4 kolme vuotta kest\u00e4v\u00e4 ratsastusterapeuttikoulutus. Ratsastusterapeutin nimikett\u00e4 saakin k\u00e4ytt\u00e4\u00e4 ja terapiaa toteuttaa\u00a0 ratsastusterapeutin koulutuksen suorittanut henkil\u00f6. Nimike ratsastusterapeutti-SRT on suojattu.<\/p>\n\n<p>Ratsastusterapeutin pohjakoulutuksesta riippuen terapiassa painottuvat mm. motoriset, pedagogiset ja psykologiset tavoitteet. Fysioterapiapohjaisessa ratsastusterapiassa korostuvat motoriset tavoitteet.<\/p>\n\n<p>Hevosen k\u00e4velless\u00e4 siit\u00e4 v\u00e4littyy ratsastajaan minuutin aikana noin 100 moniulotteista, symmetrist\u00e4 ja rytmist\u00e4 liikeimpulssia, jotka ovat hyvin samantyyppisi\u00e4 kuin ihmisen k\u00e4velyss\u00e4. Hevosen v\u00e4litt\u00e4m\u00e4 liike vaikuttaa ihmisen pinta-ja syv\u00e4tunto-, tasapaino-ja liikeaistij\u00e4rjestelm\u00e4n kautta parantaen kuntoutujan oman kehon tietoisuutta sek\u00e4 kehon hahmottamista. Hevosen liikkeenjohdon ja l\u00e4mm\u00f6n kautta (1,5 astetta ihmisen ruumiinl\u00e4mp\u00f6\u00e4 korkeampi) saadaan yhteisvaikutus, jota on mahdoton j\u00e4ljitell\u00e4 mekaanisesti.<\/p>\n\n<p>Ratsastusistunta on hyv\u00e4 alkuasento harjoittaa p\u00e4\u00e4n ja vartalon hallintaa, keskivartalon symmetriaa sek\u00e4 tasapainoa. Liikkuva hevonen vaatii ratsastajalta aktiivista reagointia. Hevonen antaa my\u00f6s v\u00e4litt\u00f6m\u00e4n palautteen ratsastajan toiminnasta. Sen monipuolisten ja rytmikk\u00e4iden liikkeiden avulla voidaan vaikuttaa positiivisesti ratsastajan lihasj\u00e4nteyteen. Hevosesta v\u00e4littyv\u00e4 l\u00e4mp\u00f6 ja kolmiulotteinen liike rentouttavat kuntoutujan alaraajoja, mobilisoivat selk\u00e4rankaa, lantiota ja lonkkia. Maksusitoumuksen ratsastusterapiaan voi saada mm. terveyskeskuksista, vakuutusyhti\u00f6ist\u00e4 tai Kelalta kuntoutusty\u00f6ryhm\u00e4n tekem\u00e4n suosituksen perusteella. Kelan korvaamaa ratsastusterapiaa voi hakea l\u00e4\u00e4k\u00e4rin lausunnon perusteella henkil\u00f6, jolle Kela on my\u00f6nt\u00e4nyt joko pitk\u00e4aikaisesti sairaan lapsen tai el\u00e4kkeensaajan korotettua hoitotukea.<\/p>\n\t\t\t\t\t\t\t\t<\/div>\n\t\t\t\t<\/div>\n\t\t\t\t\t<\/div>\n\t\t<\/div>\n\t\t\t\t\t<\/div>\n\t\t<\/section>\n\t\t\t\t<\/div>\n\t\t","protected":false},"excerpt":{"rendered":"<p>Miia Vallema Olen valmistunut fysioterapeutiksi Helsingiss\u00e4 vuonna 1997. Ty\u00f6skentelen itsen\u00e4isen\u00e4 ammatinharjoittajana Kotkassa, toimipaikkana Appelmedi. Ratsastusterapeutiksi valmistuin Yp\u00e4j\u00e4lt\u00e4 vuonna 2004, jonka j\u00e4lkeen olen toiminut fysioterapiat\u00f6iden lis\u00e4ksi Kelan hyv\u00e4ksym\u00e4n\u00e4 ratsastusterapeuttina. Vuonna 2009 erikoistuin NDT, Bobath terapeutiksi Helsingiss\u00e4. Fysioterapia- ja ratsastusterapiaty\u00f6ni lis\u00e4ksi ty\u00f6skentelen el\u00e4infysioterapian parissa, jossa olen keskittynt l\u00e4hinn\u00e4 kisahevosten fysioterapiaan niin koulu- [&hellip;]<\/p>\n","protected":false},"author":1,"featured_media":0,"parent":0,"menu_order":0,"comment_status":"closed","ping_status":"closed","template":"","meta":{"footnotes":""},"class_list":["post-13","page","type-page","status-publish","hentry"],"_links":{"self":[{"href":"https:\/\/vallema.fi\/index.php\/wp-json\/wp\/v2\/pages\/13","targetHints":{"allow":["GET"]}}],"collection":[{"href":"https:\/\/vallema.fi\/index.php\/wp-json\/wp\/v2\/pages"}],"about":[{"href":"https:\/\/vallema.fi\/index.php\/wp-json\/wp\/v2\/types\/page"}],"author":[{"embeddable":true,"href":"https:\/\/vallema.fi\/index.php\/wp-json\/wp\/v2\/users\/1"}],"replies":[{"embeddable":true,"href":"https:\/\/vallema.fi\/index.php\/wp-json\/wp\/v2\/comments?post=13"}],"version-history":[{"count":16,"href":"https:\/\/vallema.fi\/index.php\/wp-json\/wp\/v2\/pages\/13\/revisions"}],"predecessor-version":[{"id":252,"href":"https:\/\/vallema.fi\/index.php\/wp-json\/wp\/v2\/pages\/13\/revisions\/252"}],"wp:attachment":[{"href":"https:\/\/vallema.fi\/index.php\/wp-json\/wp\/v2\/media?parent=13"}],"curies":[{"name":"wp","href":"https:\/\/api.w.org\/{rel}","templated":true}]}}